{"id":4397,"date":"2020-07-06T13:34:52","date_gmt":"2020-07-06T12:34:52","guid":{"rendered":"https:\/\/www.studio-22.nl\/?post_type=product&#038;p=4397"},"modified":"2023-07-25T15:12:47","modified_gmt":"2023-07-25T14:12:47","slug":"oright-anti-gravity-nature-gel","status":"publish","type":"product","link":"https:\/\/www.studio-22.nl\/index.php\/product\/oright-anti-gravity-nature-gel\/","title":{"rendered":"O&#8217;right Anti-Gravity Nature Gel 180ml"},"content":{"rendered":"<p>Een alcoholvrije f\u00f6hn gel die zorgt voor optimale versteviging, volume en glans!<br \/>\nEen unieke alcoholvrije f\u00f6hn gel die zorgt voor optimale versteviging, volume en glans!<\/p>\n<p>O\u2019Right Anti Gravity Gel is verrijkt met hedrix extracten die de olie-water balans van de haarschacht verbeteren en een langdurige versteviging en glans geven. De toegevoegde Rozemarijn kalmeert de hoofdhuid en voedt het haar diep. De O\u2019Right Anti Gravity Gel heeft een alcoholvrije formule en is geschikt voor ieder haartype.<\/p>\n<p>O\u2019Right Anti Gravity Gel bestaat voor 84,1% uit natuurlijke ingredi\u00ebnten. De gel is verrijkt met rozemarijn en hedrix. De gel is vrij van: sulfaten, parabenen, formaldehyde, kleurstoffen, phthalaten, EO-derivaten en verdikkingsmiddelen (MEA\/DEA).<\/p>\n<p>Belangrijkste kenmerken:<br \/>\nHedrix extracten<br \/>\nF\u00f6hn gel<br \/>\nAlcoholvrij<br \/>\nGeeft glans<br \/>\nBiedt versteviging<br \/>\n84,1% natuurlijke ingredi\u00ebnten<\/p>\n<p>Gebruik:<br \/>\nBreng een gewenste hoeveelheid O\u2019Right Anti Gravity Gel aan in de handpalmen. Laat de gel licht opschuimen door een wrijvende beweging te maken. Verdeel de gel gelijkmatig over handdoek droog haar. F\u00f6hn het haar vervolgens in model.<\/p>\n<p>Resultaat:<br \/>\nO\u2019Right Anti Gravity Gel geeft het haar optimale versteviging, volume en glans! Na het gebruik van de gel blijft het haar mooier in model en heeft een prachtige glans.<\/p>\n","protected":false},"excerpt":{"rendered":"<p>F\u00f6hn gel.<br \/>\nHedrix extracten<br \/>\nF\u00f6hn gel<br \/>\nAlcoholvrij<br \/>\nGeeft glans<br \/>\nBiedt versteviging<br \/>\n84,1% natuurlijke ingredi\u00ebnten<\/p>\n","protected":false},"featured_media":4462,"comment_status":"open","ping_status":"closed","template":"","meta":[],"product_brand":[],"product_cat":[124],"product_tag":[612,627,626,625,125,49,40,396,19,443,20],"class_list":{"0":"post-4397","1":"product","2":"type-product","3":"status-publish","4":"has-post-thumbnail","6":"product_cat-overigelijnenoright","7":"product_tag-180-ml","8":"product_tag-alcohol-vrij","9":"product_tag-alcoholvrij","10":"product_tag-fohn-gel","11":"product_tag-fohnen","12":"product_tag-gel","13":"product_tag-glans","14":"product_tag-studio-22","15":"product_tag-styling","16":"product_tag-versteviging","17":"product_tag-volume","18":"product_shipping_class-pakket","20":"first","21":"outofstock","22":"shipping-taxable","23":"purchasable","24":"product-type-simple"},"yoast_head":"<!-- This site is optimized with the Yoast SEO plugin v27.4 - https:\/\/yoast.com\/product\/yoast-seo-wordpress\/ -->\n<title>O&#039;right Anti-Gravity Nature Gel 180ml - Studio-22<\/title>\n<meta name=\"robots\" content=\"index, follow, max-snippet:-1, max-image-preview:large, max-video-preview:-1\" \/>\n<link rel=\"canonical\" href=\"https:\/\/www.studio-22.nl\/index.php\/product\/oright-anti-gravity-nature-gel\/\" \/>\n<meta property=\"og:locale\" content=\"nl_NL\" \/>\n<meta property=\"og:type\" content=\"article\" \/>\n<meta property=\"og:title\" content=\"O&#039;right Anti-Gravity Nature Gel 180ml - Studio-22\" \/>\n<meta property=\"og:description\" content=\"F\u00f6hn gel. Hedrix extracten F\u00f6hn gel Alcoholvrij Geeft glans Biedt versteviging 84,1% natuurlijke ingredi\u00ebnten\" \/>\n<meta property=\"og:url\" content=\"https:\/\/www.studio-22.nl\/index.php\/product\/oright-anti-gravity-nature-gel\/\" \/>\n<meta property=\"og:site_name\" content=\"Studio-22\" \/>\n<meta property=\"article:publisher\" content=\"https:\/\/www.facebook.com\/studio22Scheemda\" \/>\n<meta property=\"article:modified_time\" content=\"2023-07-25T14:12:47+00:00\" \/>\n<meta property=\"og:image\" content=\"https:\/\/www.studio-22.nl\/wp-content\/uploads\/2020\/07\/2B33DD6C-DFEA-46A4-B69F-91531F72C5AB_1_201_a-scaled.jpeg\" \/>\n\t<meta property=\"og:image:width\" content=\"2560\" \/>\n\t<meta property=\"og:image:height\" content=\"2560\" \/>\n\t<meta property=\"og:image:type\" content=\"image\/jpeg\" \/>\n<meta name=\"twitter:card\" content=\"summary_large_image\" \/>\n<meta name=\"twitter:label1\" content=\"Geschatte leestijd\" \/>\n\t<meta name=\"twitter:data1\" content=\"1 minuut\" \/>\n<script type=\"application\/ld+json\" class=\"yoast-schema-graph\">{\"@context\":\"https:\\\/\\\/schema.org\",\"@graph\":[{\"@type\":\"WebPage\",\"@id\":\"https:\\\/\\\/www.studio-22.nl\\\/index.php\\\/product\\\/oright-anti-gravity-nature-gel\\\/\",\"url\":\"https:\\\/\\\/www.studio-22.nl\\\/index.php\\\/product\\\/oright-anti-gravity-nature-gel\\\/\",\"name\":\"O'right Anti-Gravity Nature Gel 180ml - Studio-22\",\"isPartOf\":{\"@id\":\"https:\\\/\\\/www.studio-22.nl\\\/#website\"},\"primaryImageOfPage\":{\"@id\":\"https:\\\/\\\/www.studio-22.nl\\\/index.php\\\/product\\\/oright-anti-gravity-nature-gel\\\/#primaryimage\"},\"image\":{\"@id\":\"https:\\\/\\\/www.studio-22.nl\\\/index.php\\\/product\\\/oright-anti-gravity-nature-gel\\\/#primaryimage\"},\"thumbnailUrl\":\"https:\\\/\\\/www.studio-22.nl\\\/wp-content\\\/uploads\\\/2020\\\/07\\\/2B33DD6C-DFEA-46A4-B69F-91531F72C5AB_1_201_a-scaled.jpeg\",\"datePublished\":\"2020-07-06T12:34:52+00:00\",\"dateModified\":\"2023-07-25T14:12:47+00:00\",\"breadcrumb\":{\"@id\":\"https:\\\/\\\/www.studio-22.nl\\\/index.php\\\/product\\\/oright-anti-gravity-nature-gel\\\/#breadcrumb\"},\"inLanguage\":\"nl-NL\",\"potentialAction\":[{\"@type\":\"ReadAction\",\"target\":[\"https:\\\/\\\/www.studio-22.nl\\\/index.php\\\/product\\\/oright-anti-gravity-nature-gel\\\/\"]}]},{\"@type\":\"ImageObject\",\"inLanguage\":\"nl-NL\",\"@id\":\"https:\\\/\\\/www.studio-22.nl\\\/index.php\\\/product\\\/oright-anti-gravity-nature-gel\\\/#primaryimage\",\"url\":\"https:\\\/\\\/www.studio-22.nl\\\/wp-content\\\/uploads\\\/2020\\\/07\\\/2B33DD6C-DFEA-46A4-B69F-91531F72C5AB_1_201_a-scaled.jpeg\",\"contentUrl\":\"https:\\\/\\\/www.studio-22.nl\\\/wp-content\\\/uploads\\\/2020\\\/07\\\/2B33DD6C-DFEA-46A4-B69F-91531F72C5AB_1_201_a-scaled.jpeg\",\"width\":2560,\"height\":2560},{\"@type\":\"BreadcrumbList\",\"@id\":\"https:\\\/\\\/www.studio-22.nl\\\/index.php\\\/product\\\/oright-anti-gravity-nature-gel\\\/#breadcrumb\",\"itemListElement\":[{\"@type\":\"ListItem\",\"position\":1,\"name\":\"Home\",\"item\":\"https:\\\/\\\/www.studio-22.nl\\\/\"},{\"@type\":\"ListItem\",\"position\":2,\"name\":\"Shop\",\"item\":\"https:\\\/\\\/www.studio-22.nl\\\/index.php\\\/shop\\\/\"},{\"@type\":\"ListItem\",\"position\":3,\"name\":\"O&#8217;right Anti-Gravity Nature Gel 180ml\"}]},{\"@type\":\"WebSite\",\"@id\":\"https:\\\/\\\/www.studio-22.nl\\\/#website\",\"url\":\"https:\\\/\\\/www.studio-22.nl\\\/\",\"name\":\"Studio-22\",\"description\":\"\",\"publisher\":{\"@id\":\"https:\\\/\\\/www.studio-22.nl\\\/#organization\"},\"potentialAction\":[{\"@type\":\"SearchAction\",\"target\":{\"@type\":\"EntryPoint\",\"urlTemplate\":\"https:\\\/\\\/www.studio-22.nl\\\/?s={search_term_string}\"},\"query-input\":{\"@type\":\"PropertyValueSpecification\",\"valueRequired\":true,\"valueName\":\"search_term_string\"}}],\"inLanguage\":\"nl-NL\"},{\"@type\":\"Organization\",\"@id\":\"https:\\\/\\\/www.studio-22.nl\\\/#organization\",\"name\":\"Studio 22\",\"url\":\"https:\\\/\\\/www.studio-22.nl\\\/\",\"logo\":{\"@type\":\"ImageObject\",\"inLanguage\":\"nl-NL\",\"@id\":\"https:\\\/\\\/www.studio-22.nl\\\/#\\\/schema\\\/logo\\\/image\\\/\",\"url\":\"https:\\\/\\\/www.studio-22.nl\\\/wp-content\\\/uploads\\\/2020\\\/09\\\/studio-22-logo-eerste-deel.png\",\"contentUrl\":\"https:\\\/\\\/www.studio-22.nl\\\/wp-content\\\/uploads\\\/2020\\\/09\\\/studio-22-logo-eerste-deel.png\",\"width\":288,\"height\":124,\"caption\":\"Studio 22\"},\"image\":{\"@id\":\"https:\\\/\\\/www.studio-22.nl\\\/#\\\/schema\\\/logo\\\/image\\\/\"},\"sameAs\":[\"https:\\\/\\\/www.facebook.com\\\/studio22Scheemda\",\"https:\\\/\\\/www.instagram.com\\\/studio22.scheemda\\\/\"]}]}<\/script>\n<!-- \/ Yoast SEO plugin. -->","yoast_head_json":{"title":"O'right Anti-Gravity Nature Gel 180ml - Studio-22","robots":{"index":"index","follow":"follow","max-snippet":"max-snippet:-1","max-image-preview":"max-image-preview:large","max-video-preview":"max-video-preview:-1"},"canonical":"https:\/\/www.studio-22.nl\/index.php\/product\/oright-anti-gravity-nature-gel\/","og_locale":"nl_NL","og_type":"article","og_title":"O'right Anti-Gravity Nature Gel 180ml - Studio-22","og_description":"F\u00f6hn gel. Hedrix extracten F\u00f6hn gel Alcoholvrij Geeft glans Biedt versteviging 84,1% natuurlijke ingredi\u00ebnten","og_url":"https:\/\/www.studio-22.nl\/index.php\/product\/oright-anti-gravity-nature-gel\/","og_site_name":"Studio-22","article_publisher":"https:\/\/www.facebook.com\/studio22Scheemda","article_modified_time":"2023-07-25T14:12:47+00:00","og_image":[{"width":2560,"height":2560,"url":"https:\/\/www.studio-22.nl\/wp-content\/uploads\/2020\/07\/2B33DD6C-DFEA-46A4-B69F-91531F72C5AB_1_201_a-scaled.jpeg","type":"image\/jpeg"}],"twitter_card":"summary_large_image","twitter_misc":{"Geschatte leestijd":"1 minuut"},"schema":{"@context":"https:\/\/schema.org","@graph":[{"@type":"WebPage","@id":"https:\/\/www.studio-22.nl\/index.php\/product\/oright-anti-gravity-nature-gel\/","url":"https:\/\/www.studio-22.nl\/index.php\/product\/oright-anti-gravity-nature-gel\/","name":"O'right Anti-Gravity Nature Gel 180ml - Studio-22","isPartOf":{"@id":"https:\/\/www.studio-22.nl\/#website"},"primaryImageOfPage":{"@id":"https:\/\/www.studio-22.nl\/index.php\/product\/oright-anti-gravity-nature-gel\/#primaryimage"},"image":{"@id":"https:\/\/www.studio-22.nl\/index.php\/product\/oright-anti-gravity-nature-gel\/#primaryimage"},"thumbnailUrl":"https:\/\/www.studio-22.nl\/wp-content\/uploads\/2020\/07\/2B33DD6C-DFEA-46A4-B69F-91531F72C5AB_1_201_a-scaled.jpeg","datePublished":"2020-07-06T12:34:52+00:00","dateModified":"2023-07-25T14:12:47+00:00","breadcrumb":{"@id":"https:\/\/www.studio-22.nl\/index.php\/product\/oright-anti-gravity-nature-gel\/#breadcrumb"},"inLanguage":"nl-NL","potentialAction":[{"@type":"ReadAction","target":["https:\/\/www.studio-22.nl\/index.php\/product\/oright-anti-gravity-nature-gel\/"]}]},{"@type":"ImageObject","inLanguage":"nl-NL","@id":"https:\/\/www.studio-22.nl\/index.php\/product\/oright-anti-gravity-nature-gel\/#primaryimage","url":"https:\/\/www.studio-22.nl\/wp-content\/uploads\/2020\/07\/2B33DD6C-DFEA-46A4-B69F-91531F72C5AB_1_201_a-scaled.jpeg","contentUrl":"https:\/\/www.studio-22.nl\/wp-content\/uploads\/2020\/07\/2B33DD6C-DFEA-46A4-B69F-91531F72C5AB_1_201_a-scaled.jpeg","width":2560,"height":2560},{"@type":"BreadcrumbList","@id":"https:\/\/www.studio-22.nl\/index.php\/product\/oright-anti-gravity-nature-gel\/#breadcrumb","itemListElement":[{"@type":"ListItem","position":1,"name":"Home","item":"https:\/\/www.studio-22.nl\/"},{"@type":"ListItem","position":2,"name":"Shop","item":"https:\/\/www.studio-22.nl\/index.php\/shop\/"},{"@type":"ListItem","position":3,"name":"O&#8217;right Anti-Gravity Nature Gel 180ml"}]},{"@type":"WebSite","@id":"https:\/\/www.studio-22.nl\/#website","url":"https:\/\/www.studio-22.nl\/","name":"Studio-22","description":"","publisher":{"@id":"https:\/\/www.studio-22.nl\/#organization"},"potentialAction":[{"@type":"SearchAction","target":{"@type":"EntryPoint","urlTemplate":"https:\/\/www.studio-22.nl\/?s={search_term_string}"},"query-input":{"@type":"PropertyValueSpecification","valueRequired":true,"valueName":"search_term_string"}}],"inLanguage":"nl-NL"},{"@type":"Organization","@id":"https:\/\/www.studio-22.nl\/#organization","name":"Studio 22","url":"https:\/\/www.studio-22.nl\/","logo":{"@type":"ImageObject","inLanguage":"nl-NL","@id":"https:\/\/www.studio-22.nl\/#\/schema\/logo\/image\/","url":"https:\/\/www.studio-22.nl\/wp-content\/uploads\/2020\/09\/studio-22-logo-eerste-deel.png","contentUrl":"https:\/\/www.studio-22.nl\/wp-content\/uploads\/2020\/09\/studio-22-logo-eerste-deel.png","width":288,"height":124,"caption":"Studio 22"},"image":{"@id":"https:\/\/www.studio-22.nl\/#\/schema\/logo\/image\/"},"sameAs":["https:\/\/www.facebook.com\/studio22Scheemda","https:\/\/www.instagram.com\/studio22.scheemda\/"]}]}},"_links":{"self":[{"href":"https:\/\/www.studio-22.nl\/index.php\/wp-json\/wp\/v2\/product\/4397","targetHints":{"allow":["GET"]}}],"collection":[{"href":"https:\/\/www.studio-22.nl\/index.php\/wp-json\/wp\/v2\/product"}],"about":[{"href":"https:\/\/www.studio-22.nl\/index.php\/wp-json\/wp\/v2\/types\/product"}],"replies":[{"embeddable":true,"href":"https:\/\/www.studio-22.nl\/index.php\/wp-json\/wp\/v2\/comments?post=4397"}],"wp:featuredmedia":[{"embeddable":true,"href":"https:\/\/www.studio-22.nl\/index.php\/wp-json\/wp\/v2\/media\/4462"}],"wp:attachment":[{"href":"https:\/\/www.studio-22.nl\/index.php\/wp-json\/wp\/v2\/media?parent=4397"}],"wp:term":[{"taxonomy":"product_brand","embeddable":true,"href":"https:\/\/www.studio-22.nl\/index.php\/wp-json\/wp\/v2\/product_brand?post=4397"},{"taxonomy":"product_cat","embeddable":true,"href":"https:\/\/www.studio-22.nl\/index.php\/wp-json\/wp\/v2\/product_cat?post=4397"},{"taxonomy":"product_tag","embeddable":true,"href":"https:\/\/www.studio-22.nl\/index.php\/wp-json\/wp\/v2\/product_tag?post=4397"}],"curies":[{"name":"wp","href":"https:\/\/api.w.org\/{rel}","templated":true}]}}