{"id":67,"date":"2019-06-24T16:55:00","date_gmt":"2019-06-24T15:55:00","guid":{"rendered":"http:\/\/antonbonder.nl\/?post_type=product&#038;p=67"},"modified":"2024-06-23T22:38:26","modified_gmt":"2024-06-23T21:38:26","slug":"oright-green-tea-moisturizing-cream","status":"publish","type":"product","link":"https:\/\/www.studio-22.nl\/index.php\/product\/oright-green-tea-moisturizing-cream\/","title":{"rendered":"O&#8217;right Green Tea Moisturizing Cream 180 ml"},"content":{"rendered":"<p>Green Tea Moisturizing Cream is een verzorgende haarcr\u00e8me met groene thee en kokosolie-extracten. Het haar wordt gehydrateerd en geeft het zijn vitaliteit en glans terug. Een verzorgende haar cr\u00e8me die het haar hydrateert en vitaliteit en glans geeft.<\/p>\n<p>O\u2019Right Green Tea Moisturizing Cream is een haarcr\u00e8me die intensief hydrateert. De haarcr\u00e8me kan worden gebruikt als haarmasker of leave-in. De haarcr\u00e8me is verrijkt met groene thee en kokosolie-extracten. Het haar wordt beschermd tegen invloeden van buitenaf en de vochtbalans wordt herstelt. Gedurende 72 uur zal het haar licht en gehydrateerd blijven.<\/p>\n<p>De haarcr\u00e8me is vrij van: sulfaten, parabenen, formaldehyde, kleurstoffen, phthalaten, EO-derivaten en verdikkingsmiddelen (MEA\/DEA). De haarcr\u00e8me bestaat uit 93,9% natuurlijke ingredi\u00ebnten en is verrijkt met groene thee, kokosolie. Bovendien is de haarcr\u00e8me proefdiervrij, vegan en glutenvrij.<\/p>\n<p>Belangrijkste kenmerken:<br \/>\nGroene Thee<br \/>\nKokosolie<br \/>\nVoor beschadigd haar<br \/>\n93,9% natuurlijke ingredi\u00ebnten<br \/>\nGehydrateerd haar gedurende 72 uur<br \/>\nProefdiervrij, vegan, glutenvrij<br \/>\nVrij van sulfaten en parabenen<\/p>\n<p>Gebruik:<br \/>\nBreng de O\u2019Right Green Tea Moisturizing Cream aan op gewassen haar. Verdeel de cr\u00e8me gelijkmatig over het haar. Leg hierbij de nadruk op de haarpunten en haarlengtes. Laat de cr\u00e8me inwerken en spoel het haar vervolgens grondig uit. De cr\u00e8me kan ook als leave-in gebruikt worden. De cr\u00e8me hoeft dan niet uitgespoeld te worden.<\/p>\n<p>Resultaat:<br \/>\nNa het gebruik van de O\u2019Right Green Tea Moisturizing Cream zal het haar meer vitaliteit en glans hebben. Het haar blijft langer gehydrateerd.<\/p>\n","protected":false},"excerpt":{"rendered":"<p>Zorgt voor hydratatie en glans.<br \/>\nGroene Thee<br \/>\nKokosolie<br \/>\nVoor beschadigd haar<br \/>\n93,9% natuurlijke ingredi\u00ebnten<br \/>\nGehydrateerd haar gedurende 72 uur<br \/>\nProefdiervrij, vegan, glutenvrij<br \/>\nVrij van sulfaten en parabenen<br \/>\nGeleverd in floral box<\/p>\n","protected":false},"featured_media":68,"comment_status":"open","ping_status":"closed","template":"","meta":[],"product_brand":[],"product_cat":[99],"product_tag":[612,40,39,580,41,149,499,53,409,609,610,26,396,611],"class_list":{"0":"post-67","1":"product","2":"type-product","3":"status-publish","4":"has-post-thumbnail","6":"product_cat-green-tea","7":"product_tag-180-ml","8":"product_tag-glans","9":"product_tag-green-tea","10":"product_tag-haar-masker","11":"product_tag-hydratatie","12":"product_tag-hydraterend","13":"product_tag-leave-in","14":"product_tag-masker","15":"product_tag-moisturizing","16":"product_tag-moisturizing-cream","17":"product_tag-moisturizing-creme","18":"product_tag-oright","19":"product_tag-studio-22","20":"product_tag-vitaliteit","21":"product_shipping_class-pakket","23":"first","24":"outofstock","25":"shipping-taxable","26":"purchasable","27":"product-type-simple"},"yoast_head":"<!-- This site is optimized with the Yoast SEO plugin v27.4 - https:\/\/yoast.com\/product\/yoast-seo-wordpress\/ -->\n<title>O&#039;right Green Tea Moisturizing Cream 180 ml - Studio-22<\/title>\n<meta name=\"robots\" content=\"index, follow, max-snippet:-1, max-image-preview:large, max-video-preview:-1\" \/>\n<link rel=\"canonical\" href=\"https:\/\/www.studio-22.nl\/index.php\/product\/oright-green-tea-moisturizing-cream\/\" \/>\n<meta property=\"og:locale\" content=\"nl_NL\" \/>\n<meta property=\"og:type\" content=\"article\" \/>\n<meta property=\"og:title\" content=\"O&#039;right Green Tea Moisturizing Cream 180 ml - Studio-22\" \/>\n<meta property=\"og:description\" content=\"Zorgt voor hydratatie en glans. Groene Thee Kokosolie Voor beschadigd haar 93,9% natuurlijke ingredi\u00ebnten Gehydrateerd haar gedurende 72 uur Proefdiervrij, vegan, glutenvrij Vrij van sulfaten en parabenen Geleverd in floral box\" \/>\n<meta property=\"og:url\" content=\"https:\/\/www.studio-22.nl\/index.php\/product\/oright-green-tea-moisturizing-cream\/\" \/>\n<meta property=\"og:site_name\" content=\"Studio-22\" \/>\n<meta property=\"article:publisher\" content=\"https:\/\/www.facebook.com\/studio22Scheemda\" \/>\n<meta property=\"article:modified_time\" content=\"2024-06-23T21:38:26+00:00\" \/>\n<meta property=\"og:image\" content=\"https:\/\/www.studio-22.nl\/wp-content\/uploads\/2019\/06\/Oright-Green-tea-moisturizing-cream.jpg\" \/>\n\t<meta property=\"og:image:width\" content=\"2664\" \/>\n\t<meta property=\"og:image:height\" content=\"2664\" \/>\n\t<meta property=\"og:image:type\" content=\"image\/jpeg\" \/>\n<meta name=\"twitter:card\" content=\"summary_large_image\" \/>\n<meta name=\"twitter:label1\" content=\"Geschatte leestijd\" \/>\n\t<meta name=\"twitter:data1\" content=\"1 minuut\" \/>\n<script type=\"application\/ld+json\" class=\"yoast-schema-graph\">{\"@context\":\"https:\\\/\\\/schema.org\",\"@graph\":[{\"@type\":\"WebPage\",\"@id\":\"https:\\\/\\\/www.studio-22.nl\\\/index.php\\\/product\\\/oright-green-tea-moisturizing-cream\\\/\",\"url\":\"https:\\\/\\\/www.studio-22.nl\\\/index.php\\\/product\\\/oright-green-tea-moisturizing-cream\\\/\",\"name\":\"O'right Green Tea Moisturizing Cream 180 ml - Studio-22\",\"isPartOf\":{\"@id\":\"https:\\\/\\\/www.studio-22.nl\\\/#website\"},\"primaryImageOfPage\":{\"@id\":\"https:\\\/\\\/www.studio-22.nl\\\/index.php\\\/product\\\/oright-green-tea-moisturizing-cream\\\/#primaryimage\"},\"image\":{\"@id\":\"https:\\\/\\\/www.studio-22.nl\\\/index.php\\\/product\\\/oright-green-tea-moisturizing-cream\\\/#primaryimage\"},\"thumbnailUrl\":\"https:\\\/\\\/www.studio-22.nl\\\/wp-content\\\/uploads\\\/2019\\\/06\\\/Oright-Green-tea-moisturizing-cream.jpg\",\"datePublished\":\"2019-06-24T15:55:00+00:00\",\"dateModified\":\"2024-06-23T21:38:26+00:00\",\"breadcrumb\":{\"@id\":\"https:\\\/\\\/www.studio-22.nl\\\/index.php\\\/product\\\/oright-green-tea-moisturizing-cream\\\/#breadcrumb\"},\"inLanguage\":\"nl-NL\",\"potentialAction\":[{\"@type\":\"ReadAction\",\"target\":[\"https:\\\/\\\/www.studio-22.nl\\\/index.php\\\/product\\\/oright-green-tea-moisturizing-cream\\\/\"]}]},{\"@type\":\"ImageObject\",\"inLanguage\":\"nl-NL\",\"@id\":\"https:\\\/\\\/www.studio-22.nl\\\/index.php\\\/product\\\/oright-green-tea-moisturizing-cream\\\/#primaryimage\",\"url\":\"https:\\\/\\\/www.studio-22.nl\\\/wp-content\\\/uploads\\\/2019\\\/06\\\/Oright-Green-tea-moisturizing-cream.jpg\",\"contentUrl\":\"https:\\\/\\\/www.studio-22.nl\\\/wp-content\\\/uploads\\\/2019\\\/06\\\/Oright-Green-tea-moisturizing-cream.jpg\",\"width\":2664,\"height\":2664},{\"@type\":\"BreadcrumbList\",\"@id\":\"https:\\\/\\\/www.studio-22.nl\\\/index.php\\\/product\\\/oright-green-tea-moisturizing-cream\\\/#breadcrumb\",\"itemListElement\":[{\"@type\":\"ListItem\",\"position\":1,\"name\":\"Home\",\"item\":\"https:\\\/\\\/www.studio-22.nl\\\/\"},{\"@type\":\"ListItem\",\"position\":2,\"name\":\"Shop\",\"item\":\"https:\\\/\\\/www.studio-22.nl\\\/index.php\\\/shop\\\/\"},{\"@type\":\"ListItem\",\"position\":3,\"name\":\"O&#8217;right Green Tea Moisturizing Cream 180 ml\"}]},{\"@type\":\"WebSite\",\"@id\":\"https:\\\/\\\/www.studio-22.nl\\\/#website\",\"url\":\"https:\\\/\\\/www.studio-22.nl\\\/\",\"name\":\"Studio-22\",\"description\":\"\",\"publisher\":{\"@id\":\"https:\\\/\\\/www.studio-22.nl\\\/#organization\"},\"potentialAction\":[{\"@type\":\"SearchAction\",\"target\":{\"@type\":\"EntryPoint\",\"urlTemplate\":\"https:\\\/\\\/www.studio-22.nl\\\/?s={search_term_string}\"},\"query-input\":{\"@type\":\"PropertyValueSpecification\",\"valueRequired\":true,\"valueName\":\"search_term_string\"}}],\"inLanguage\":\"nl-NL\"},{\"@type\":\"Organization\",\"@id\":\"https:\\\/\\\/www.studio-22.nl\\\/#organization\",\"name\":\"Studio 22\",\"url\":\"https:\\\/\\\/www.studio-22.nl\\\/\",\"logo\":{\"@type\":\"ImageObject\",\"inLanguage\":\"nl-NL\",\"@id\":\"https:\\\/\\\/www.studio-22.nl\\\/#\\\/schema\\\/logo\\\/image\\\/\",\"url\":\"https:\\\/\\\/www.studio-22.nl\\\/wp-content\\\/uploads\\\/2020\\\/09\\\/studio-22-logo-eerste-deel.png\",\"contentUrl\":\"https:\\\/\\\/www.studio-22.nl\\\/wp-content\\\/uploads\\\/2020\\\/09\\\/studio-22-logo-eerste-deel.png\",\"width\":288,\"height\":124,\"caption\":\"Studio 22\"},\"image\":{\"@id\":\"https:\\\/\\\/www.studio-22.nl\\\/#\\\/schema\\\/logo\\\/image\\\/\"},\"sameAs\":[\"https:\\\/\\\/www.facebook.com\\\/studio22Scheemda\",\"https:\\\/\\\/www.instagram.com\\\/studio22.scheemda\\\/\"]}]}<\/script>\n<!-- \/ Yoast SEO plugin. -->","yoast_head_json":{"title":"O'right Green Tea Moisturizing Cream 180 ml - Studio-22","robots":{"index":"index","follow":"follow","max-snippet":"max-snippet:-1","max-image-preview":"max-image-preview:large","max-video-preview":"max-video-preview:-1"},"canonical":"https:\/\/www.studio-22.nl\/index.php\/product\/oright-green-tea-moisturizing-cream\/","og_locale":"nl_NL","og_type":"article","og_title":"O'right Green Tea Moisturizing Cream 180 ml - Studio-22","og_description":"Zorgt voor hydratatie en glans. Groene Thee Kokosolie Voor beschadigd haar 93,9% natuurlijke ingredi\u00ebnten Gehydrateerd haar gedurende 72 uur Proefdiervrij, vegan, glutenvrij Vrij van sulfaten en parabenen Geleverd in floral box","og_url":"https:\/\/www.studio-22.nl\/index.php\/product\/oright-green-tea-moisturizing-cream\/","og_site_name":"Studio-22","article_publisher":"https:\/\/www.facebook.com\/studio22Scheemda","article_modified_time":"2024-06-23T21:38:26+00:00","og_image":[{"width":2664,"height":2664,"url":"https:\/\/www.studio-22.nl\/wp-content\/uploads\/2019\/06\/Oright-Green-tea-moisturizing-cream.jpg","type":"image\/jpeg"}],"twitter_card":"summary_large_image","twitter_misc":{"Geschatte leestijd":"1 minuut"},"schema":{"@context":"https:\/\/schema.org","@graph":[{"@type":"WebPage","@id":"https:\/\/www.studio-22.nl\/index.php\/product\/oright-green-tea-moisturizing-cream\/","url":"https:\/\/www.studio-22.nl\/index.php\/product\/oright-green-tea-moisturizing-cream\/","name":"O'right Green Tea Moisturizing Cream 180 ml - Studio-22","isPartOf":{"@id":"https:\/\/www.studio-22.nl\/#website"},"primaryImageOfPage":{"@id":"https:\/\/www.studio-22.nl\/index.php\/product\/oright-green-tea-moisturizing-cream\/#primaryimage"},"image":{"@id":"https:\/\/www.studio-22.nl\/index.php\/product\/oright-green-tea-moisturizing-cream\/#primaryimage"},"thumbnailUrl":"https:\/\/www.studio-22.nl\/wp-content\/uploads\/2019\/06\/Oright-Green-tea-moisturizing-cream.jpg","datePublished":"2019-06-24T15:55:00+00:00","dateModified":"2024-06-23T21:38:26+00:00","breadcrumb":{"@id":"https:\/\/www.studio-22.nl\/index.php\/product\/oright-green-tea-moisturizing-cream\/#breadcrumb"},"inLanguage":"nl-NL","potentialAction":[{"@type":"ReadAction","target":["https:\/\/www.studio-22.nl\/index.php\/product\/oright-green-tea-moisturizing-cream\/"]}]},{"@type":"ImageObject","inLanguage":"nl-NL","@id":"https:\/\/www.studio-22.nl\/index.php\/product\/oright-green-tea-moisturizing-cream\/#primaryimage","url":"https:\/\/www.studio-22.nl\/wp-content\/uploads\/2019\/06\/Oright-Green-tea-moisturizing-cream.jpg","contentUrl":"https:\/\/www.studio-22.nl\/wp-content\/uploads\/2019\/06\/Oright-Green-tea-moisturizing-cream.jpg","width":2664,"height":2664},{"@type":"BreadcrumbList","@id":"https:\/\/www.studio-22.nl\/index.php\/product\/oright-green-tea-moisturizing-cream\/#breadcrumb","itemListElement":[{"@type":"ListItem","position":1,"name":"Home","item":"https:\/\/www.studio-22.nl\/"},{"@type":"ListItem","position":2,"name":"Shop","item":"https:\/\/www.studio-22.nl\/index.php\/shop\/"},{"@type":"ListItem","position":3,"name":"O&#8217;right Green Tea Moisturizing Cream 180 ml"}]},{"@type":"WebSite","@id":"https:\/\/www.studio-22.nl\/#website","url":"https:\/\/www.studio-22.nl\/","name":"Studio-22","description":"","publisher":{"@id":"https:\/\/www.studio-22.nl\/#organization"},"potentialAction":[{"@type":"SearchAction","target":{"@type":"EntryPoint","urlTemplate":"https:\/\/www.studio-22.nl\/?s={search_term_string}"},"query-input":{"@type":"PropertyValueSpecification","valueRequired":true,"valueName":"search_term_string"}}],"inLanguage":"nl-NL"},{"@type":"Organization","@id":"https:\/\/www.studio-22.nl\/#organization","name":"Studio 22","url":"https:\/\/www.studio-22.nl\/","logo":{"@type":"ImageObject","inLanguage":"nl-NL","@id":"https:\/\/www.studio-22.nl\/#\/schema\/logo\/image\/","url":"https:\/\/www.studio-22.nl\/wp-content\/uploads\/2020\/09\/studio-22-logo-eerste-deel.png","contentUrl":"https:\/\/www.studio-22.nl\/wp-content\/uploads\/2020\/09\/studio-22-logo-eerste-deel.png","width":288,"height":124,"caption":"Studio 22"},"image":{"@id":"https:\/\/www.studio-22.nl\/#\/schema\/logo\/image\/"},"sameAs":["https:\/\/www.facebook.com\/studio22Scheemda","https:\/\/www.instagram.com\/studio22.scheemda\/"]}]}},"_links":{"self":[{"href":"https:\/\/www.studio-22.nl\/index.php\/wp-json\/wp\/v2\/product\/67","targetHints":{"allow":["GET"]}}],"collection":[{"href":"https:\/\/www.studio-22.nl\/index.php\/wp-json\/wp\/v2\/product"}],"about":[{"href":"https:\/\/www.studio-22.nl\/index.php\/wp-json\/wp\/v2\/types\/product"}],"replies":[{"embeddable":true,"href":"https:\/\/www.studio-22.nl\/index.php\/wp-json\/wp\/v2\/comments?post=67"}],"wp:featuredmedia":[{"embeddable":true,"href":"https:\/\/www.studio-22.nl\/index.php\/wp-json\/wp\/v2\/media\/68"}],"wp:attachment":[{"href":"https:\/\/www.studio-22.nl\/index.php\/wp-json\/wp\/v2\/media?parent=67"}],"wp:term":[{"taxonomy":"product_brand","embeddable":true,"href":"https:\/\/www.studio-22.nl\/index.php\/wp-json\/wp\/v2\/product_brand?post=67"},{"taxonomy":"product_cat","embeddable":true,"href":"https:\/\/www.studio-22.nl\/index.php\/wp-json\/wp\/v2\/product_cat?post=67"},{"taxonomy":"product_tag","embeddable":true,"href":"https:\/\/www.studio-22.nl\/index.php\/wp-json\/wp\/v2\/product_tag?post=67"}],"curies":[{"name":"wp","href":"https:\/\/api.w.org\/{rel}","templated":true}]}}